 factors of (-1)/((-2)/(-18)) + 1714.
5, 11, 31
Suppose 0 = -4*f + 1344 + 128. What are the prime factors of f?
2, 23
Suppose -y - 296 = -1230. List the prime factors of y.
2, 467
Let n(w) be the second derivative of w**5/20 - 2*w**4/3 - 9*w**3/2 - 13*w**2/2 + 20*w. What are the prime factors of n(12)?
239
Let f be (2 - (3 - -8))*(-4)/(-3). What are the prime factors of -100*(14 + f)*1/(-4)?
2, 5
Let x = -9 + -44. Let z = -18 - x. List the prime factors of z.
5, 7
Let m be 1/(-2) + ((-70)/4)/5. Let s(u) = -2*u**3 - 8*u - 11. List the prime factors of s(m).
149
Let k(t) = -115*t - 20. What are the prime factors of k(-9)?
5, 7, 29
Let i = 46 + -90. Let k = i + 69. List the prime factors of k.
5
Let x = 1136 + -607. What are the prime factors of x?
23
Let c = 4485 - 2797. What are the prime factors of c?
2, 211
Suppose -2*j - 5*s - 50 = -7*j, s = -2*j + 5. Let r be (-6)/(-15) + 8/j. Suppose 0 = 2*i + r, 3*i = -a + 3 + 16. What are the prime factors of a?
2, 11
Let u = -101 + 247. List the prime factors of 1*3 + -6 + u + 4.
3, 7
Suppose 4*j = 3*f - 5138, 6*f - 6876 = 2*f - j. List the prime factors of f.
2, 859
Suppose 4*r + 4 = 2*r. Let m be (-2096)/(-36) - r/(-9). Suppose -m = -7*x + 5*x. What are the prime factors of x?
29
Let q(z) = 4*z - 3. Suppose -2*h - 7*h = -90. What are the prime factors of q(h)?
37
Let n(a) be the first derivative of 11*a**2/2 - 45*a + 13. List the prime factors of n(22).
197
Suppose -j - 3*q = -2283, 4*q - 2282 = 29*j - 30*j. What are the prime factors of j?
2, 3, 127
Suppose 3*v + 553 = 4*z - 10, v - 132 = -z. Suppose -3*i - z = -n - 0*i, -4*i = -5*n + 641. What are the prime factors of n?
5
Let i = -308 + 469. What are the prime factors of i?
7, 23
What are the prime factors of (-1852)/(-5)*(-80)/(-32)?
2, 463
Suppose -5*f = 3*o - 11, 5*f + 3 = 4*o - 0. Suppose -150 = 5*c + 4*u - 763, -3*u - 259 = -o*c. List the prime factors of c.
5
Suppose 0 = -3*z - 18. Let y = z + 10. Suppose 5*f + 19 = y*i - 199, -198 = -4*i - 5*f. List the prime factors of i.
2, 13
Let u = 416 - 177. What are the prime factors of u?
239
Let y = 3897 - -1794. What are the prime factors of y?
3, 7, 271
Let c be -1 + 75 - -2 - 0. Let o = c - 133. Let q = -17 - o. List the prime factors of q.
2, 5
Let o(h) = 13*h**2 - 11*h. Let f be o(8). List the prime factors of -2 - (f/32)/((-2)/8).
7, 13
Suppose -62*m = -29*m - 46893. List the prime factors of m.
7, 29
Suppose 0 = -5*q - 14*q + 36955. What are the prime factors of q?
5, 389
Suppose 112 = 8*b - 6*b. Suppose b = 7*q - 6*q. List the prime factors of q.
2, 7
Let d(c) be the first derivative of -c**4/4 - c**3/3 + 7*c**2/2 + 17*c + 11. What are the prime factors of d(-7)?
2, 131
Suppose 15 = 2*i - 43. Let z = i - -14. List the prime factors of z.
43
Suppose 4*s + 199 + 21 = 2*l, 4*l - 2*s = 452. List the prime factors of l.
2, 3, 19
Let x(n) = 5*n**2 + 2*n + 14. Let v = -78 + 75. List the prime factors of x(v).
53
Suppose q - 2 = 2*k, 3*q - 2 = -2*k + 4. Suppose -70 = -q*c + 12. Suppose 5*b - 3*a + 74 = 311, -b = a - c. List the prime factors of b.
3, 5
What are the prime factors of 4/(-8)*(-2150 + (-6 - -4))?
2, 269
Suppose n + 224 - 599 = 0. List the prime factors of n.
3, 5
Let w(y) = -1 - 1 - y + 2 + 2. Let u be w(1). What are the prime factors of u + -5 + 56 + 2?
2, 3
Suppose -5*l = -9*l. Let j = 2 - l. Suppose -3*x = 3*m - 129 - 84, 3*x = -j*m + 208. List the prime factors of x.
2, 3, 11
Let z = 290 - -470. What are the prime factors of z?
2, 5, 19
Let j = 4964 + -2832. List the prime factors of j.
2, 13, 41
Let l be 1/(2/(-1620)*-5). Let i = 235 - l. What are the prime factors of i?
73
List the prime factors of 248/434 - 10492/(-14).
2, 3, 5
Let y = -38 - -41. Suppose -2*v + 6*c + 105 = y*c, -148 = -3*v - 5*c. What are the prime factors of v?
3, 17
Let r(q) = -q - 4. Let z be r(-7). Suppose -6*y - 81 = -7*y + z*l, l = 2. What are the prime factors of y?
3, 29
Let f(g) = g**2 - 21*g - 3. Let u be f(19). Let z = u + 102. List the prime factors of z.
61
Let s be (-6)/30 - 2618/10. Let i = s + 437. List the prime factors of i.
5, 7
Suppose -f = -3*t - 1156, -7*f + 6*f - t = -1152. List the prime factors of f.
1153
Suppose -30*f = -2255 + 305. What are the prime factors of f?
5, 13
Suppose -5*j + 0*w + 86 = -w, 3*j - 5*w = 56. Suppose 12 = -14*b + j*b. Suppose -2*g - 3*g + b*f = -107, 4*g - 3*f = 85. List the prime factors of g.
19
Suppose 0 = h - 6*h - 5, 0 = 2*p + 5*h + 19. Let q(r) = r**3 + 8*r**2 + 10*r + 8. Let o be q(-6). Let z = p + o. What are the prime factors of z?
13
Let f be (-122)/(-6) - (-1)/(-3). Suppose 0 = l + v + 15 - 7, 3*l + 48 = 3*v. Let q = f + l. List the prime factors of q.
2
Let y = -96 + 152. Suppose 663 = -y*u + 59*u. What are the prime factors of u?
13, 17
Suppose 4*t = 12, -4*d + 0 - 34 = 2*t. Let w = -20 + d. Let s = 67 + w. What are the prime factors of s?
37
Let g(t) = 2*t**2 + 13*t - 10. Let n be g(-10). What are the prime factors of (3/(12/19))/(5/n)?
3, 19
Let w be ((-56)/(-21))/(2/9). Let d(f) be the first derivative of f**2/2 + 3*f - 2. What are the prime factors of d(w)?
3, 5
List the prime factors of 0 + 1 + -1 + 24 + 4043.
7, 83
List the prime factors of (11 + -1812)/((-1)/1).
1801
What are the prime factors of 3/2 + 80424/48?
3, 13, 43
Let o(l) = -l**3 - 10*l**2 - 7*l + 13. Let d be o(-9). List the prime factors of ((-19)/(-1))/(d/(-5)).
19
Let x(w) = w**3 + 6*w**2 - 6*w + 9. Let r be x(-7). Let i be 1/r - (-19)/2. Suppose 3 = f - i. What are the prime factors of f?
13
Let w(a) be the third derivative of 0*a**4 + a**2 + 0 - 1/60*a**5 - 5/6*a**3 + 0*a + 1/120*a**6. What are the prime factors of w(3)?
13
Suppose -2*q = 312 + 128. List the prime factors of -2 - -1 - q/5.
43
Suppose 0*p - 2*p - 3*n - 15 = 0, -5 = n. Suppose p = -8*k + 673 - 89. What are the prime factors of k?
73
Let j(m) = m**2 - 14*m - 3. Let d be j(15). Suppose 0 = -4*u - 20, 2*o + 3*u - 5 = 2*u. Let q = d + o. List the prime factors of q.
17
Suppose 80*s = 84*s - 2728. What are the prime factors of s?
2, 11, 31
Let h = 222 - 87. Suppose h = p - 4*z, 2*p - 421 = -p - 4*z. List the prime factors of p.
139
What are the prime factors of (-189805)/(-210) + (-5)/6?
3, 7, 43
Suppose 3*y - 85 - 98 = 0. List the prime factors of y.
61
Suppose 2*c = -2*c + 20. Suppose 377 = 5*a - 0*a + 3*v, -381 = -c*a + v. Let b = a - 22. List the prime factors of b.
2, 3
Let u(h) be the first derivative of -h**2/2 + 19*h - 7. List the prime factors of u(8).
11
Let d = -1 - -3. Let c be (1 + 33 - d)/1. Let g = c + -14. What are the prime factors of g?
2, 3
Suppose 2*i + 12 = 5*i. Suppose -359 = -4*n - m + i*m, 0 = 2*m + 2. List the prime factors of n.
89
Let u be (-259)/(-3) + 3/(-9). Let i = -34 + -22. Let c = u + i. List the prime factors of c.
2, 3, 5
List the prime factors of 274505/279 - (1/(-9) - 0).
2, 3, 41
Let v(o) = -o**3 - 9*o**2 - 2*o - 11. Let g = 0 + 11. Suppose 3*h + g = -16. List the prime factors of v(h).
7
Let d(j) = -11*j. Let s be d(-1). Suppose -s*i + 26 = -9*i. List the prime factors of i.
13
What are the prime factors of 2006*(8 - (-75)/(-10))?
17, 59
Suppose -22*k = 18*k - 99280. List the prime factors of k.
2, 17, 73
Let o(n) = -2 + 10 + 2*n - 6 - 16*n. List the prime factors of o(-1).
2
Suppose -5*j - 2*m + 656 = 0, -4*m + 188 = j + 64. Let t = -87 + j. What are the prime factors of t?
3, 5
Let c(w) = 19*w**3 + 7*w**2 - 3*w - 3. List the prime factors of c(3).
2, 3, 47
Suppose 3*d - 2*i - 7075 = 0, 2*d - 2*i = 2*i + 4730. List the prime factors of d.
3, 5, 157
Suppose -8*y + 3*y = -5. What are the prime factors of (y - 2 - -26) + 2?
3
Let m(o) = -o + 5. Let h = 5 - -1. Let g be m(h). Let q(a) = -50*a**3 + 2*a + 1. List the prime factors of q(g).
7
Let z(i) = i**2 + 14*i + 11. Let n be z(-10). Let h = 28 - n. What are the prime factors of h?
3, 19
Suppose 6*f = -f + 3752. What are the prime factors of f?
2, 67
Suppose -m = -4*h + 31, -2*h + 24 = -3*m + 1. Suppose -h*y = -6*y - 49. List the prime factors of y.
7
Let w(s) = 10*s**2 + 8*s + 11. Let j be w(-3). Let p(f) = 4*f - 9. Let t be p(4). Suppose c - j = -t. What are the prime factors of c?
2, 5, 7
Suppose 6 = 4*z + k - 14, -3*z - 3*k = -6. Suppose 0*q + 282 = z*q. What are the prime factors of q?
47
Let z(f) = -12*f + 24. Let t be z(